) - (-4)/(-14). Let i = y - d. What is the units digit of i?
8
Let a(p) = -p**2 - 2*p - 5. Let q(s) = -s**2 - 3*s - 9. Let c(l) = -5*a(l) + 3*q(l). Let f be c(-2). Suppose -1 = -f*k + 3. What is the units digit of k?
1
Let r(d) = -28*d**3 - 2*d**2 - 2*d - 3. What is the hundreds digit of r(-2)?
2
Let s(d) = -d**3 - 2*d**2 - 5. What is the tens digit of s(-4)?
2
Let v = -2 + 2. Suppose -5*k - 3*z - 9 = v, -k - 18 = 5*z - 3. What is the units digit of 2/(-2) + 4 + k?
3
Suppose 2*h - 1 = 1. Let i = h + -1. Suppose 32 = 4*g - i*g. What is the units digit of g?
8
Let k(i) = -7*i - 4. Suppose 4*s + 8 = y, -s - y - 1 = -2*s. What is the units digit of k(s)?
7
Suppose -14 = -4*u + 6*u. Let o(p) = -p**2 - 7*p + 5. Let c be o(u). Suppose -c*r + 23 - 3 = 0. What is the units digit of r?
4
Suppose 3*v - 4*c - 6 = 1, -3*v - 5*c = -25. Suppose 2*r - 4*n = 8, v*r + 7 - 51 = 2*n. What is the tens digit of r?
1
Suppose 4*z - u = 40, 4 = -2*z + 2*u + 24. Suppose l + d = 6*d - z, 3*d - 12 = 0. What is the units digit of l?
0
Let g = 0 - -16. Let i = 26 - g. What is the units digit of i?
0
Let s = 36 - -173. What is the tens digit of s?
0
Let u = -209 + 524. What is the units digit of u?
5
Suppose -a + 159 = 2*a. What is the tens digit of a?
5
Let d(i) = 4 + 1 - 4*i + 3*i. Let k be d(0). Suppose -k*h + 1 = -4. What is the units digit of h?
1
Let z(k) = -24*k**3 + k**2 + k. Let v = 3 - 4. What is the units digit of z(v)?
4
Let d = 2 - 0. Suppose 2*p = 4*l + 1 - 47, 38 = d*l + 4*p. What is the tens digit of l?
1
Let v = 3 + -5. Let w be 1*(v - (-1 + -18)). Suppose -3*p + 2*z + w = 0, 8 = 2*p - 3*z + z. What is the units digit of p?
9
Let k = 214 + -109. What is the units digit of k?
5
Let i(g) be the first derivative of -g**4/4 + 2*g**3 + g**2/2 + 8*g + 13. Let o(y) = 7*y - 1. Let b be o(1). What is the tens digit of i(b)?
1
Suppose -4*u - 2*r + 694 = -140, 630 = 3*u - 3*r. What is the tens digit of u?
0
Let n = 32 + -18. Let t = -3 + n. What is the units digit of t?
1
Let r = 486 + -193. What is the hundreds digit of r?
2
Let n(o) = -o - 2. Let z be n(-6). Let j = z + 1. What is the units digit of j?
5
Suppose 2*m = -0*m + 72. Suppose 2*g = m - 14. What is the units digit of g?
1
Let s be 10/8 - 4/16. Suppose 0 = 5*b + s - 11. What is the units digit of b?
2
What is the hundreds digit of (-1)/((-1818)/906 - (-3 - -1))?
1
Let r(i) = i**2 + i + 28. What is the tens digit of r(0)?
2
Suppose -5*m + 2*p = -24, 3*p - 2 = 7. Let g(q) = q**3 - 4*q**2 - 6*q + 1. What is the units digit of g(m)?
7
Let x = -14 - -33. What is the tens digit of x?
1
Let m be 5/4*2*2. Suppose -49 = -3*t + m*x, -4*x - 3 - 9 = t. What is the units digit of t/1 + 3 + -4?
7
Let g = -1 + 16. What is the units digit of g?
5
Let c(x) = x - 4 - 1 + 0*x. Let m be c(5). Let s = m + 2. What is the units digit of s?
2
Suppose -5*q = -129 - 156. What is the units digit of q?
7
Let q(d) = -5*d - 1. Let a be q(-2). Suppose -z = 3*m - a, -4*z - 4*m = -0*m - 12. Suppose -2*f - 3 + 11 = z. What is the units digit of f?
4
Suppose 3*d + 3*w - 276 = 0, 2*d = -w + 198 - 14. What is the tens digit of d?
9
Suppose -12 = -2*x - 3*h + 18, -3*h = 4*x - 54. Suppose 5*p = 2*j + 13, -2*p - x = -6*p. What is the units digit of j?
1
Suppose -4*u = 3*a - 11 - 21, 0 = 2*u - 2*a - 2. Suppose -4*j + 54 = m, 5*j - 85 = 5*m - u. What is the tens digit of j?
1
Let o be 2 + 3/6*14. Let r(p) = -2*p + 0*p - o + 4*p. What is the units digit of r(8)?
7
Let o = 10 - 15. Let k(m) = m**3 + 5*m**2 - 6*m - 3. What is the units digit of k(o)?
7
Let p = 39 - 1. What is the tens digit of p?
3
Let y = -6 + 10. Suppose -47 = -5*v + l, 2*v - 3*l = -y*l + 23. What is the tens digit of v?
1
Let j(z) = z**2 - 3*z + 4. Suppose 7*g - 12 = 3*g. Let x be j(g). Let l(y) = y**3 - 3*y**2 - 2*y - 5. What is the units digit of l(x)?
3
Let s(u) = -3*u - 3. Let v be (-6)/(3/3) - -2. What is the units digit of s(v)?
9
What is the hundreds digit of -2 + 1024/10 + 20/(-50)?
1
Let g be 2/1 - (9 - 7). Suppose s - 3 - 14 = g. What is the tens digit of s?
1
Let r(a) = 20*a + 2. What is the units digit of r(10)?
2
Let j = -7 - -10. Suppose 5*r - j*h - 91 = 0, 4*h - 73 = -4*r - 13. What is the tens digit of r?
1
Let t be 12 - (2 + 1) - -2. Let c = 30 - t. What is the units digit of c?
9
Let h be (15/(-4))/((-6)/16). Let r = h + -6. What is the units digit of r?
4
Let g = 4 + -1. Let h be 1 + g + 2 + -3. Suppose 2*t + h*o = -t + 18, -12 = -3*o. What is the units digit of t?
2
Let v = -11 - -27. What is the tens digit of v?
1
Suppose 3*y - 57 = -5*w + 7*y, -5*w = -2*y - 51. Suppose -3*m - 13 = -f, 4*f = -4*m + w + 11. What is the units digit of f?
7
Suppose r = 4*r + 4*c - 115, 3*c = 4*r - 145. Suppose -25 = -3*j + 2*j + 5*i, -j = i - 1. Suppose -j = 4*b - r. What is the units digit of b?
8
What is the tens digit of 2/5*(112 + -7)?
4
Suppose b - 7 + 0 = 0. What is the units digit of b?
7
Suppose 4*g + 6 = -y - 3, -5 = g + 3*y. Let i be g/2*12/(-3). Let b = 6 - i. What is the units digit of b?
2
Let r = -1 - -30. What is the units digit of r?
9
Let v(x) = -x**3 + 8*x**2 - 8*x + 6. Let o be v(7). Let u be (o/1)/(1/(-2)). What is the units digit of -6*(0 + u - 3)?
6
Let q(u) = 7*u**2 + 4*u - 1. Let t(k) = -6*k**2 - 4*k + 1. Let n(f) = 5*q(f) + 6*t(f). Let h be n(3). What is the units digit of (-165)/h - 2/8?
8
Let l(w) = w - 6. Let c be l(6). Suppose 0 = -c*p - 4*p + 48. Suppose 5*z - z = p. What is the units digit of z?
3
Let g(h) = -h**2 + 6*h - 1. Let v be g(6). Let j = -3 - v. Let q = j - -9. What is the units digit of q?
7
Suppose -4*b + 76 = -260. What is the tens digit of b?
8
Let q(j) = -3*j - 2. Let w be q(-2). Suppose 0 = 3*y - 5*c - 31, 8 - 22 = -2*y + 5*c. Suppose w*i = 2*r + 7 + y, 4*r = -16. What is the units digit of i?
4
Suppose -3*h + 10 + 14 = 0. Suppose -3 + 0 = -3*b. Let s = h - b. What is the units digit of s?
7
Let f(i) = -i**3 + 8*i**2 + 12*i + 1. What is the units digit of f(9)?
8
Let i = 94 - 34. What is the units digit of i?
0
Let n = 1 + 3. Suppose 5*j - n - 46 = 0. Suppose -5*w = -35 + j. What is the units digit of w?
5
Let d = -2 - -4. Let i(k) = -4 - 2*k + d + 1. What is the units digit of i(-3)?
5
Let o(a) = 3*a**3 - 3*a**2 + 2*a - 3. What is the units digit of o(2)?
3
What is the tens digit of (-69)/(-1) + -12 + 13?
7
Let b(c) = c**2 + 11*c - 10. Let f be b(-12). Suppose k + 25 = f*k. What is the units digit of k?
5
Let l(r) = 3*r**2 - 4*r - 5. What is the units digit of l(4)?
7
Let y be 4/(1/(16 - 2)). Let n = y - 31. What is the tens digit of n?
2
What is the units digit of -2*(1 + 196/(-4))?
6
Suppose 2*d - 4*d = -170. What is the tens digit of d?
8
Let y = -35 - -15. Let d = y - -12. Let u = d - -13. What is the units digit of u?
5
Let a = -60 - -103. What is the units digit of a?
3
What is the units digit of ((-428)/(-6))/(1*(-8)/(-24))?
4
What is the tens digit of 3/6*(63 + 1)?
3
Suppose -10 = -3*j + 4*y + 5, 0 = 3*j + 3*y - 15. Suppose 0 = -3*l + j*t - 2*t + 63, l = -t + 27. What is the tens digit of l?
2
Let i = 0 + 4. Let d(g) = 0*g**3 - 2*g + 3 + i*g**3 - g - g**3 - 2*g**2. What is the tens digit of d(2)?
1
Suppose -4*i = -3*f - 2*f - 65, 0 = -f + 3. What is the units digit of i?
0
Let r = -12 - -21. Suppose b = -r - 6. What is the units digit of ((-9)/(-15))/(-1)*b?
9
Suppose 2 = -0*s + s. Suppose -w - 91 = -5*t, s*w + 3 - 1 = 0. What is the units digit of t?
8
Let f(o) be the first derivative of 4*o**3/3 - 2*o**2 + 2. Let b(q) = -3*q**2 + 5*q. Let r(z) = 3*b(z) + 2*f(z). What is the units digit of r(6)?
6
Suppose -2*n = -3*n + 17. What is the tens digit of n?
1
Let m(x) = -4*x - 2. Let y be 2/3*(-9)/3. Let u be m(y). Suppose -3*n - 21 = -u*n. What is the units digit of n?
7
Suppose w - 9 = -3*g, 3*w = -5*g + 18 + 5. Let s be (-2)/(w/(-63)*3). Let c = 0 + s. What is the units digit of c?
7
Let l(g) = g**3 + g**2 - 6*g - 4. Let i be l(5). Suppose 4*s - 8*s = -i. What is the tens digit of s?
2
Suppose h + 22 = -5*u, -2*h = -3*h - 4*u - 17. What is the units digit of (-3)/(-9)*43*h?
3
Let q be 21/(-49) + 20/14. Let f(p) = 17*p + 3. What is the units digit of f(q)?
0
Suppose -3*j + 4*j + 26 = 0. What is the units digit of 1/(-2)*j + -2?
1
Let n(l) = -3*l - 10. What is the units digit of n(-13)?
9
Let r(f) be the third derivative of 